e tens digit of 18879?
7
What is the hundreds digit of 527?
5
What is the hundreds digit of 17097?
0
What is the units digit of 484?
4
What is the hundreds digit of 2816?
8
What is the hundreds digit of 193?
1
What is the units digit of 2400?
0
What is the ten thousands digit of 28272?
2
What is the units digit of 1506?
6
What is the thousands digit of 34382?
4
What is the thousands digit of 7080?
7
What is the tens digit of 2340?
4
What is the hundreds digit of 35524?
5
What is the hundreds digit of 104?
1
What is the thousands digit of 8146?
8
What is the tens digit of 1714?
1
What is the units digit of 61143?
3
What is the units digit of 33435?
5
What is the units digit of 16957?
7
What is the tens digit of 83187?
8
What is the ten thousands digit of 15462?
1
What is the thousands digit of 6758?
6
What is the hundreds digit of 30469?
4
What is the tens digit of 90?
9
What is the tens digit of 3491?
9
What is the hundreds digit of 6191?
1
What is the tens digit of 13093?
9
What is the units digit of 3385?
5
What is the units digit of 995?
5
What is the units digit of 3136?
6
What is the hundreds digit of 4526?
5
What is the hundreds digit of 16504?
5
What is the hundreds digit of 9777?
7
What is the units digit of 5028?
8
What is the ten thousands digit of 27197?
2
What is the units digit of 50155?
5
What is the thousands digit of 3356?
3
What is the ten thousands digit of 19379?
1
What is the thousands digit of 38879?
8
What is the tens digit of 1833?
3
What is the ten thousands digit of 89441?
8
What is the hundreds digit of 31686?
6
What is the tens digit of 16656?
5
What is the hundreds digit of 1226?
2
What is the units digit of 210?
0
What is the ten thousands digit of 14835?
1
What is the units digit of 1530?
0
What is the hundreds digit of 5143?
1
What is the tens digit of 89?
8
What is the tens digit of 2042?
4
What is the tens digit of 6122?
2
What is the tens digit of 80000?
0
What is the units digit of 2678?
8
What is the thousands digit of 25203?
5
What is the thousands digit of 14921?
4
What is the tens digit of 41?
4
What is the units digit of 553?
3
What is the units digit of 121094?
4
What is the tens digit of 410?
1
What is the tens digit of 10464?
6
What is the tens digit of 1420?
2
What is the units digit of 45?
5
What is the thousands digit of 12781?
2
What is the ten thousands digit of 83624?
8
What is the tens digit of 50?
5
What is the units digit of 796?
6
What is the ten thousands digit of 20827?
2
What is the hundreds digit of 12965?
9
What is the units digit of 461?
1
What is the ten thousands digit of 38825?
3
What is the hundreds digit of 1001?
0
What is the ten thousands digit of 85315?
8
What is the units digit of 2339?
9
What is the units digit of 8297?
7
What is the tens digit of 3656?
5
What is the thousands digit of 5563?
5
What is the thousands digit of 9220?
9
What is the thousands digit of 1311?
1
What is the units digit of 7946?
6
What is the tens digit of 17119?
1
What is the hundreds digit of 63711?
7
What is the units digit of 3433?
3
What is the hundreds digit of 4392?
3
What is the hundreds digit of 4168?
1
What is the hundreds digit of 14144?
1
What is the tens digit of 1199?
9
What is the ten thousands digit of 23530?
2
What is the tens digit of 981?
8
What is the hundreds digit of 145?
1
What is the thousands digit of 5016?
5
What is the units digit of 2149?
9
What is the ten thousands digit of 30604?
3
What is the units digit of 13862?
2
What is the tens digit of 4910?
1
What is the units digit of 428?
8
What is the thousands digit of 5845?
5
What is the hundreds digit of 5221?
2
What is the tens digit of 1287?
8
What is the thousands digit of 6550?
6
What is the units digit of 2265?
5
What is the tens digit of 29650?
5
What is the tens digit of 3844?
4
What is the tens digit of 657?
5
What is the hundreds digit of 321?
3
What is the thousands digit of 3719?
3
What is the units digit of 22553?
3
What is the units digit of 156864?
4
What is the units digit of 3240?
0
What is the thousands digit of 55884?
5
What is the ten thousands digit of 10735?
1
What is the hundreds digit of 64928?
9
What is the hundreds digit of 354?
3
What is the tens digit of 3656?
5
What is the units digit of 898?
8
What is the thousands digit of 1764?
1
What is the units digit of 1563?
3
What is the units digit of 3131?
1
What is the tens digit of 425?
2
What is the hundreds digit of 24047?
0
What is the hundreds digit of 3355?
3
What is the hundreds digit of 4970?
9
What is the hundreds digit of 1455?
4
What is the thousands digit of 47267?
7
What is the thousands digit of 9120?
9
What is the units digit of 24516?
6
What is the units digit of 217?
7
What is the ten thousands digit of 25340?
2
What is the hundreds digit of 33720?
7
What is the units digit of 22519?
9
What is the tens digit of 25676?
7
What is the hundreds digit of 33839?
8
What is the units digit of 27579?
9
What is the hundreds digit of 41060?
0
What is the thousands digit of 3421?
3
What is the tens digit of 6529?
2
What is the hundreds digit of 66898?
8
What is the thousands digit of 92781?
2
What is the thousands digit of 1280?
1
What is the thousands digit of 4651?
4
What is the units digit of 324?
4
What is the units digit of 343?
3
What is the units digit of 393?
3
What is the tens digit of 4158?
5
What is the tens digit of 974?
7
What is the tens digit of 795?
9
What is the tens digit of 3880?
8
What is the thousands digit of 95512?
5
What is the hundreds digit of 12971?
9
What is the hundreds digit of 1799?
7
What is the hundreds digit of 2234?
2
What is the hundreds digit of 4481?
4
What is the units digit of 3547?
7
What is the units digit of 75443?
3
What is the units digit of 56?
6
What is the units digit of 1587?
7
What is the hundreds digit of 419?
4
What is the thousands digit of 5133?
5
What is the tens digit of 3620?
2
What is the units digit of 36?
6
What is the units digit of 11688?
8
What is the tens digit of 15?
1
What is the thousands digit of 26787?
6
What is the thousands digit of 13703?
3
What is the thousands digit of 176555?
6
What is the tens digit of 6828?
2
What is the thousands digit of 8170?
8
What is the hundreds digit of 9507?
5
What is the thousands digit of 4177?
4
What is the hundreds digit of 696?
6
What is the thousands digit of 4418?
4
What is the hundreds digit of 965?
9
What is the units digit of 1353?
3
What is the units digit of 1197?
7
What is the hundreds digit of 21358?
3
What is the units digit of 15317?
7
What is the units digit of 953?
3
What is the thousands digit of 41561?
1
What is the tens digit of 15703?
0
What is the ten thousands digit of 11955?
1
What is the units digit of 22156?
6
What is the units digit of 7364?
4
What is the tens digit of 32351?
5
What is the ten thousands digit of 24992?
2
What is the thousands digit of 1589?
1
What is the tens digit of 4545?
4
What is the units digit of 67554?
4
What is the tens digit of 3422?
2
What is the units digit of 1051?
1
What is the thousands digit of 80387?
0
What is the units digit of 256?
6
What is the thousands digit of 4932?
4
What is the units digit of 527?
7
What is the tens digit of 297?
9
What is the hundreds digit of 94210?
2
What is the thousands digit of 8884?
8
What is the units digit of 62736?
6
What is the hundreds digit of 407?
4
What is the tens digit of 514?
1
What is the units digit of 3463?
3
What is the thousands digit of 3439?
3
What is the tens digit of 299?
9
What is the units digit of 39176?
6
What is the ten thousands digit of 88784?
8
What is the thousands digit of 4512?
4
What is the thousands digit of 58353?
8
What is the thousands digit of 2975?
2
What is the tens digit of 18?
1
What is the thousands digit of 1229?
1
What is the hundreds digit of 43337?
3
What is the tens digit of 12624?
2
What is the units digit of 241?
1
What is the units digit of 10159?
9
What is the thousands digit of 2512?
2
What is the hundreds digit of 32626?
6
What is the tens digit of 5674?
7
What is the units digit of 3734?
4
What is the units digit of 2073?
3
What is the tens digit of 4355?
5
What is the thousands digit of 15628?
5
What is the tens digit of 2491?
9
What is the tens digit of 29766?
6
What is the thousands digit of 9962?